z - 21. Let d be (z + (9 - 4))*0. What is m(d)?
-11
Let k = -12 + 17. Let s(o) = -k + 6*o - 4*o + o - o**3 - 2*o**2. Calculate s(-4).
15
Let c be (1 - 6)/((-35)/28). Suppose -2*r + r + 4*f + 3 = 0, c*r - 1 = 5*f. Let s(o) be the first derivative of -3*o**2/2 + o + 1. What is s(r)?
4
Let o(z) = 12*z + 197. Let a(n) = 5*n + 75. Let q(y) = 8*a(y) - 3*o(y). Suppose -x + 3*r = 9, 5*x - 5*r = -0*r - 25. Determine q(x).
-3
Let z(v) = -7*v + 23. Suppose 16*b + 3 = 128 + 35. Determine z(b).
-47
Let g(m) be the second derivative of -m**4/12 + m**3/3 + 9*m**2/2 - 95*m + 6. Calculate g(8).
-39
Let w = 3182/9 + -6361/18. Let n(u) be the second derivative of -1/3*u**3 + 0 + 17*u - 1/10*u**5 - w*u**4 - 1/2*u**2. Calculate n(-1).
1
Let r(o) = o**2 - 15*o + 1. Let d(p) = p**2 - 12*p + 1. Let l(i) = 3*d(i) - 2*r(i). Suppose 5*v = v + 3*t + 4, 5*v + 4*t - 36 = 0. What is l(v)?
-7
Let y be 56/6 + (-20)/15. Suppose s + d = 2*d + 9, -21 = -2*s + 5*d. Let c(f) = s*f + f - 17*f + 2 + f**2. Determine c(y).
2
Suppose 3*z - 2*q + 8 - 18 = 0, 4*z - 5*q - 4 = 0. Let b(v) be the first derivative of -1/3*v**3 + 4*v + 3*v**2 + 1. Determine b(z).
4
Let j(v) = 6881 - 6887 + 0*v - 9*v - 4*v**2 + 3*v**2. Suppose 0 = 4*x + 2*m + 36, 0 = 2*x - 3*m + 7 + 11. Give j(x).
-6
Suppose -2*k + 12 = 3*u + u, -5*k - 2*u + 38 = 0. Let v be -1 + (48/2)/6. Let j(h) = v - 138*h - h**3 + 138*h + 8*h**2 + 7. Determine j(k).
10
Let j be 4/(-10) + 81/15. Let x be 3 + (3 - 8)/j. Suppose x*g - 3*u + 21 = 0, -4*g - 2*u = -u + 21. Let h(p) = p**3 + 6*p**2 - 2*p - 9. Calculate h(g).
3
Let d be (-1911)/1092*6/(-7). Let j(i) be the first derivative of -d*i**2 + 0*i - 17. Calculate j(2).
-6
Suppose 0 = -p + j - 9, 169*j - 174*j = 4*p - 18. Let l(z) = -23*z - 11. Give l(p).
58
Let u(o) be the second derivative of o**4/4 + 7*o**3/6 - 3*o**2 + 1061*o + 1. Give u(-6).
60
Let t(q) = 26564092*q**2 - 1 + 2 - 26564101*q**2 + 5*q. What is t(1)?
-3
Let n(h) = 4*h**2 - 4*h - 17. Let r = -389 - -384. Let t(m) = -7*m**2 + 8*m + 33. Let v(y) = r*n(y) - 3*t(y). Give v(5).
-9
Let a(r) = 3*r**3 - 34604389*r**2 - 28*r + 34604414*r**2 - 2*r**3 - 47. Calculate a(-26).
5
Let l = 120 + -116. Suppose r = 5*b - 3*b - 4, l*b = -5*r - 6. Let y(q) = q + 3 - b + 8 - 5. Give y(-6).
-1
Let w(z) be the second derivative of -1/2*z**2 + 1/20*z**5 + 0 - z**3 + 1/6*z**4 + 23*z. Determine w(-4).
-9
Let c(q) = q + 1. Let t(h) = -h**3 - h**2 + 2*h - 2. Let m(s) = 2*c(s) - t(s). Let x be (102 + -101)*3/(-1). Calculate m(x).
-14
Let x = -230 - -555. Suppose 0 = -322*n + x*n - 21. Let u(m) = m**2 - 7*m - 8. Calculate u(n).
-8
Let z(p) = -p**2 - 17*p + 30. Let t be z(-17). Let j(i) = 34*i + 328*i**2 - 327*i**2 + 6 - t*i. Give j(-5).
11
Let h(c) = 6*c - 32. Suppose 0 = f + 2*d, -4*d - 14 + 0 = 3*f. Determine h(f).
-116
Let u(n) = 2*n**2 - 17*n - 24. Let k be u(10). Let a(g) = 2*g + 3*g + 6 - 9 + 7. What is a(k)?
34
Let a(u) = -4*u**2 - 3*u - 1. Let s be (-74 - -75)/((-1)/(-5)). Suppose -5*j + 25 = -s*g, 0 = -4*g + 7*g - 4*j + 18. Determine a(g).
-11
Suppose b - 3*b = -12. Let r(c) = 9*c + 10 - 17*c + b*c - 8. Give r(2).
-2
Let s(a) = -13*a + 167. Let z be s(15). Let v be ((-2)/(-4))/(z/(-16) + -2). Let d(n) = 3*n - 3. Calculate d(v).
-9
Let p(t) be the first derivative of -5*t**2 + 14*t - 1509. Give p(7).
-56
Suppose 0*k + 5*k = t - 41, -4*t = 2*k - 76. Let c(u) = 36*u + u**3 - 14*u - t*u - 3 + 0*u**3. What is c(0)?
-3
Let t(i) = -5*i - 13715 - 3*i + 7*i + 27431 - 13703. Let c = -2 + 2. Give t(c).
13
Suppose 0 = -o + 2*o, 16 = -4*l - 3*o. Let n(x) = -5*x + 72*x**2 - x - 73*x**2 - 6. Give n(l).
2
Let z(i) = 18 - 13*i + 15 + 13 - 51 + 34*i. What is z(-1)?
-26
Suppose -15*r + m = -13*r - 21, 2*r = -5*m + 15. Let o(l) = -l**2 + 4*l + 1. What is o(r)?
-59
Let k(q) = 3*q**2 + 10*q - 20. Let y be k(-6). Let m(p) = -10 + y*p - 2*p**2 + p**2 - 9*p - 11*p. What is m(4)?
6
Let f(x) = -x**3 + 19*x**2 + 19*x + 30. Let q be f(20). Let m(h) = h + q*h + 22 - 9*h. Let n be m(-16). Let l(a) = a**3 + 9*a**2 - 10*a - 3. What is l(n)?
-3
Let c(k) be the second derivative of -k**4/4 - 13*k**3/6 - 11*k**2 - 9224*k. Determine c(-5).
-32
Let y(p) = 20*p - 3. Let i(f) = 20*f - 4. Suppose -4*n = 8, -4*x - n + 14 = -0*n. Let z(h) = x*i(h) - 5*y(h). Determine z(1).
-21
Let c be 8 + (-162)/(-39) + 1 + (-75)/65. Let w(f) = -3*f**3 + 34*f**2 + 25*f - 8. Calculate w(c).
4
Let t(z) = -3*z**3 + z**2 - 3. Let h(y) = 3*y**3 - y**2 + y + 5. Let c(n) = -2*h(n) - 3*t(n). Let q(b) = -8*b - 57. Let v be q(-7). What is c(v)?
-3
Let l(p) = 18*p**3 + 4*p**3 - 11*p**3 + p**2 - 2*p - 9*p**3. Suppose -5*d + 3*k + k = -20, -5*d = 5*k - 20. Suppose -d*m - 6 = 2. Determine l(m).
-8
Let s(i) = 3*i - 4. Let l(k) = 7*k - 7. Let g(a) = -2*l(a) + 5*s(a). Let h be 12 + 0*(-1)/(-4). Suppose -h = -3*d + d. What is g(d)?
0
Let t(n) = -n**2 - 33*n - 59. Let l(j) = 2*j**3 + 10*j**2 - 44*j + 1. Let o be l(-8). Determine t(o).
3
Suppose -5*g + 219 = 199. Suppose h - g = 4*p, -4*h - 8*p + 9*p = 29. Let i(v) = v + 9. Give i(h).
1
Let g(y) be the third derivative of -y**6/120 - y**4/6 - y**3/2 + 6*y**2 - 24. Calculate g(-3).
36
Let n be 1 + (7 + -5)*(0 - -3). Suppose 4*r = 2*o - 6, 6*r - n*r - o = 0. Let a(z) = -z**2 - z**3 + 4*z - 4*z. Give a(r).
0
Let d(k) = -3 + 5*k**2 - 2 + 7 + 3*k + 3. Let l(p) = 2 - 7 + 1 - 3*p - 4*p**2. Let s(w) = 5*d(w) + 6*l(w). Give s(3).
1
Let q be 2/2*(-384 - -369). Let w(a) = a + 29. Calculate w(q).
14
Let k(r) = 2*r**3 + 79*r**2 + 110*r - 138. Let g be k(-38). Let v(h) = -h**3 + 10*h**2 + 58*h - 34. Give v(g).
-6
Let q = 4 - 31. Let u = 31 + q. Let c(p) = 4 + 5*p - 9 - 4 - u*p. Give c(7).
-2
Let t(f) = -f**2 + 9*f + 19. Let r be (9*(-160)/1008)/((-111)/(-126) - 1). Determine t(r).
-17
Let m = 444 - 440. Let r(n) = 2*n - 11. What is r(m)?
-3
Let y(x) = -x**2 - 4*x + 3. Suppose -4*l - 12 = 0, -20*l + 17*l + 3 = g. Let n be (54/g + -4)/(2/(-16)). Give y(n).
3
Let y(n) = n + 3*n**2 - n**3 + 3*n**2 + 3 - n**2. Let x be (-1)/(-10) + 10138/20. Let s = x - 503. What is y(s)?
23
Let x(p) = 3*p**3 + 42*p**2 + 2*p + 5. Let i = -32432 - -32418. Give x(i).
-23
Let u(j) = j**3 - 4*j**2 - 3*j + 3. Let w be -1 - (-105)/24 - (-12)/(-32). Suppose 0 = -2*c + 4*b + 4, -5*b + w*b + 2 = 0. Give u(c).
-9
Let n(s) = -12 + 5*s - 7 - 4*s. Let o be n(21). Suppose o*t + 5*z - 12 = 3*t, 25 = -3*t + 4*z. Let j(m) = m**2 + 7*m - 6. Give j(t).
-6
Let w(a) = 5*a**2 + 0*a + 1 - a + 5*a. Suppose -25*q = -41*q - 13 - 35. Give w(q).
34
Suppose -856*u + 3*y = -854*u - 221, 4*y + 528 = 5*u. Let b = -3 + -92. Let v = u + b. Let j(f) = f**2 - 6*f + 2. Determine j(v).
-3
Let j(d) = 15*d + 40. Let a = -2662 - -2662. Determine j(a).
40
Let t be (5 - 8)*6/(-9). Let h(m) be the third derivative of 0*m - 7/6*m**3 + 1/24*m**4 + 0 - 17*m**t. What is h(6)?
-1
Let n(l) be the third derivative of l**5/60 + l**4/3 + 11*l**3/6 - 4754*l**2. Let k = -12 - -6. Give n(k).
-1
Let k = -2241 - -8965/4. Let h(n) be the first derivative of -6*n + 8/3*n**3 + k*n**4 + 1 + 4*n**2. Calculate h(-6).
18
Let c(x) be the second derivative of x**5/20 - x**4/4 - 5*x**3/6 + 2*x**2 + 8*x. Suppose 0 = -2*g - 498 + 506. Give c(g).
0
Suppose 33*t - 25*t = 32. Suppose -118*k - t = -120*k. Let q(u) = 8 + 1 - 3 + k*u - u. Determine q(-8).
-2
Let f(k) = -36*k + 56. Let h(p) = -29*p + 52. Let z(c) = -4*f(c) + 5*h(c). Determine z(15).
21
Let d(a) = -16*a**2 + a - 5. Let r be d(2). Let z = r - -73. Let y be (-3)/(-2)*(-6 + 2 + z). Let f(t) = -t**2 + 2*t - 4. What is f(y)?
-7
Let b(c) be the first derivative of 1/15*c**5 - 2 + 0*c + 2/3*c**3 + 0*c**4 + 31/2*c**2 + 1/120*c**6. Let t(a) be the second derivative of b(a). What is t(-3)?
13
Let s(f) = -f**2 - 31*f + 139. Let v be s(4). Let w(z) = 54*z**3 - z**2 + 2*z + 2. What is w(v)?
-55
Let m(h) be the third derivative of -1/12*h**4 - 5/6*h**3 + 0*h - 1 - 18*h**2. Determine m(-1).
-3
Let z = 54 - 30. Let u(o) = -31*o + o**3 + 5 - z*o + 4*o**2 + 55*o + 2*o**2. Give u(-5).
30
Suppose 0 = -2*i - t - 481, i = -t + 4*t - 251. Let l = i - -240. Let s(v) = -v**3 - v**2 + 2. Calculate s(l).
6
Let l(n) = -27*n - 160. Let h be l(-6). Suppose h*t - 4*m = -0*t + 2, 2 = 2*t + m. Let z(c) = 3 - 2 + 3*c**3 + 0 - 2*c**2. Determine z(t).
2
Let s(n) be the third derivative of -n**5/120 - 5*n**4/12 - 61*n**3/6 - 26*n**2 + 3. Let j(m)